{"id":3203,"date":"2024-02-14T15:17:09","date_gmt":"2024-02-14T14:17:09","guid":{"rendered":"https:\/\/consbarcellona.esteri.it\/?page_id=3203"},"modified":"2024-02-14T15:20:02","modified_gmt":"2024-02-14T14:20:02","slug":"3203-2","status":"publish","type":"page","link":"https:\/\/consbarcellona.esteri.it\/it\/servizi-consolari-e-visti\/servizi-per-il-cittadino-italiano\/voto-allestero\/elezioni-europee-2024\/3203-2\/","title":{"rendered":"Elettori temporanei per motivi di lavoro e studio"},"content":{"rendered":"<p><strong><em><u>Elettori che si trovano temporaneamente nella circoscrizione consolare di Barcellona per motivi di lavoro o di studio<\/u><\/em><\/strong><\/p>\n<p>Le elezioni per il rinnovo del Parlamento europeo si svolgeranno in tutti i Paesi membri dell\u2019Unione Europea nel periodo compreso tra gioved\u00ec 6 e domenica 9 giugno 2024. Per <strong>informazioni generali<\/strong>: <a href=\"https:\/\/www.esteri.it\/it\/servizi-consolari-e-visti\/italiani-all-estero\/votoestero\/elezioniparlamentoeuropeo\/\">Elezione dei rappresentanti al Parlamento europeo spettanti all\u2019Italia \u2013 Ministero degli Affari Esteri e della Cooperazione Internazionale<\/a><\/p>\n<p>Gli elettori italiani che si trovano <strong>temporaneamente nel territorio della <\/strong><strong>circoscrizione consolare del Consolato Generale d\u2019Italia a Barcellona <\/strong>(Arag\u00f3n, Baleares, Catalu\u00f1a, Comunidad Valenciana e Murcia)<strong>\u00a0per motivi di lavoro o di studio<\/strong>, nonch\u00e9 degli elettori familiari con essi conviventi, possono votare per i membri del Parlamento UE spettanti all\u2019Italia presso i seggi istituiti dagli Uffici consolari nella citata circoscrizione consolare.<\/p>\n<p>Per essere ammessi al voto, \u00e8 necessario presentare <strong>entro il 21 marzo 2024 una domanda<\/strong> che deve preferibilmente essere redatta utilizzando il modello qui disponibile (<a href=\"https:\/\/consbarcellona.esteri.it\/wp-content\/uploads\/2024\/02\/MODELLO-TEMPORANEI_2024.pdf\" target=\"_blank\" rel=\"noopener\">SCARICA QUI IL MODELLO DI RICHIESTA<\/a>).<\/p>\n<p>La richiesta deve riportare l\u2019indicazione specifica dei <strong>motivi<\/strong>, di studio o lavoro, per i quali il connazionale si trova nel territorio della circoscrizione consolare e deve essere corredata <strong>dall\u2019attestazione<\/strong> <strong>del datore<\/strong> di lavoro\/dell\u2019istituto od ente presso cui svolge la sua attivit\u00e0 di studio <strong>oppure da una dichiarazione sostitutiva<\/strong> di atto di notoriet\u00e0 redatta ai sensi dell\u2019art. 47 del D.P.R. 445\/2000, che contenga l\u2019indicazione dell\u2019attivit\u00e0 di lavoro o studio svolta, ovvero la qualit\u00e0 di familiare convivente.<\/p>\n<p>La domanda, che \u00e8 indirizzata al Sindaco del Comune di iscrizione nelle liste elettorali, deve essere <strong>presentata<\/strong> unicamente\u00a0<strong>presso<\/strong><strong> il Consolato Generale d\u2019Italia a Barcellona <\/strong>(gli Uffici Onorari della circoscrizione non sono abilitati a riceverla) secondo una delle seguenti <strong><u>modalit\u00e0<\/u><\/strong>:<\/p>\n<ul>\n<li>(<strong><u>modalit\u00e0 consigliata<\/u><\/strong>) inviando <strong>per posta elettronica <\/strong>alla casella\u00a0<a href=\"mailto:barcellona.elettorale@esteri.it\">barcellona.elettorale@esteri.it<\/a> i seguenti documenti (importante: dimensione massima complessiva degli allegati\u00a010 MB):<\/li>\n<\/ul>\n<ol>\n<li>il modulo di domanda firmato in scansione digitale;<\/li>\n<li>certificazione con i motivi di studio e di lavoro della permanenza all\u2019estero o dichiarazione sostitutiva di atto di notoriet\u00e0<\/li>\n<li>copia di un documento d&#8217;identit\u00e0 del richiedente;<\/li>\n<\/ol>\n<p>&nbsp;<\/p>\n<ul>\n<li>inviando\u00a0<strong>per posta cartacea <\/strong>all&#8217;indirizzo del Consolato Generale d\u2019Italia a Barcellona (Carrer Aribau, 185, 4a planta, 08021 Barcelona) i seguenti documenti:<\/li>\n<\/ul>\n<ol>\n<li>il modulo di domanda firmato in scansione digitale;<\/li>\n<li>certificazione con i motivi di studio e di lavoro della permanenza all\u2019estero o dichiarazione sostitutiva di atto di notoriet\u00e0<\/li>\n<li>copia di un documento d&#8217;identit\u00e0 del richiedente;<\/li>\n<\/ol>\n<p>&nbsp;<\/p>\n<ul>\n<li>presentando personalmente <strong>agli sportelli<\/strong> del Consolato Generale d\u2019Italia a Barcellona (Carrer Aribau, 185, 4a planta, 08021 Barcelona),\u00a0esclusivamente <strong>in orario di apertura al pubblico<\/strong>\u00a0e senza necessit\u00e0 di prenotare l&#8217;appuntamento, i seguenti documenti:<\/li>\n<\/ul>\n<ol>\n<li>il modulo di domanda firmato in originale;<\/li>\n<li>certificazione con i motivi di studio e di lavoro della permanenza all\u2019estero o dichiarazione sostitutiva di atto di notoriet\u00e0;<\/li>\n<li>copia di un documento d&#8217;identit\u00e0 del richiedente;<\/li>\n<\/ol>\n<p>&nbsp;<\/p>\n<p>Si ribadisce che le domande <strong><u>dovranno pervenire\u00a0entro e non oltre il termine del\u00a021 marzo 2024<\/u><\/strong>. Tale <strong>termine<\/strong> \u00e8 tassativo e <strong>non derogabile<\/strong>. Si specifica che non fa fede il timbro postale per le domande trasmesse in cartaceo, ma la data di ricezione. Oltre tale data le domande NON potranno essere accolte e gli elettori temporaneamente all\u2019estero per motivi di lavoro o studio potranno esercitare il loro diritto di voto solo in Italia (art. 3, comma 6, DL 408\/1994).<\/p>\n<p>&nbsp;<\/p>\n<p>Si rammenta che\u00a0<strong>NON rientrano<\/strong>\u00a0in tale categoria di elettori i cittadini che sono\u00a0<strong>soggetti all\u2019obbligo di iscrizione all\u2019AIRE<\/strong>\u00a0(<strong>residenti<\/strong>\u00a0<strong>all\u2019estero per cause di durata superiore a 12 mesi<\/strong>, ai sensi della legge 470\/1988).<\/p>\n<p>&nbsp;<\/p>\n<p>Gli elettori che si trovino temporaneamente per motivi di lavoro o di studio nelle Regioni di <strong>Andaluc\u00eda, Asturias, Cantabria, Castilla y Le\u00f3n, Castilla La Mancha, Ceuta, Extremadura, Galicia, La Rioja, Madrid, Melilla, Navarra, Pa\u00eds Vasco<\/strong> dovranno fare riferimento <strong>all\u2019Ambasciata d\u2019Italia a Madrid <\/strong>(<a href=\"https:\/\/consmadrid.esteri.it\/it\/servizi-consolari-e-visti\/servizi-per-il-cittadino-italiano\/servizi-elettorali\/elezioni-europee\/elettori-temporanei-per-motivi-di-lavoro-e-studio\/\">Elettori temporanei per motivi di lavoro e studio \u2013 Cancelleria Consolare di Madrid (esteri.it)<\/a>).<\/p>\n<p>Gli elettori che si trovino temporaneamente per motivi di lavoro o di studio nelle <strong>Isole Canarie<\/strong> dovranno fare riferimento al <strong>Vice Consolato d\u2019Italia ad Arona<\/strong> (<a href=\"https:\/\/consarona.esteri.it\/servizi-consolari-e-visti\/servizi-per-il-cittadino-italiano\/servizi-elettorali\/elezioni-europee\/elezioni-europee-2024-2\/elezioni-europee-2024\/\">Elettori temporanei per motivi di lavoro e studio \u2013 Vice Consolato Arona (esteri.it)<\/a>).<\/p>\n","protected":false},"excerpt":{"rendered":"Elettori che si trovano temporaneamente nella circoscrizione consolare di Barcellona per motivi di lavoro o di studio Le elezioni per il rinnovo del Parlamento europeo si svolgeranno in tutti i Paesi membri dell\u2019Unione Europea nel periodo compreso tra gioved\u00ec 6 e domenica 9 giugno 2024. Per informazioni generali: Elezione dei rappresentanti al Parlamento europeo spettanti [&hellip;]","protected":false},"author":8,"featured_media":0,"parent":3189,"menu_order":1,"comment_status":"closed","ping_status":"closed","template":"","meta":{"footnotes":""},"class_list":["post-3203","page","type-page","status-publish","hentry"],"_links":{"self":[{"href":"https:\/\/consbarcellona.esteri.it\/it\/wp-json\/wp\/v2\/pages\/3203","targetHints":{"allow":["GET"]}}],"collection":[{"href":"https:\/\/consbarcellona.esteri.it\/it\/wp-json\/wp\/v2\/pages"}],"about":[{"href":"https:\/\/consbarcellona.esteri.it\/it\/wp-json\/wp\/v2\/types\/page"}],"author":[{"embeddable":true,"href":"https:\/\/consbarcellona.esteri.it\/it\/wp-json\/wp\/v2\/users\/8"}],"replies":[{"embeddable":true,"href":"https:\/\/consbarcellona.esteri.it\/it\/wp-json\/wp\/v2\/comments?post=3203"}],"version-history":[{"count":5,"href":"https:\/\/consbarcellona.esteri.it\/it\/wp-json\/wp\/v2\/pages\/3203\/revisions"}],"predecessor-version":[{"id":3219,"href":"https:\/\/consbarcellona.esteri.it\/it\/wp-json\/wp\/v2\/pages\/3203\/revisions\/3219"}],"up":[{"embeddable":true,"href":"https:\/\/consbarcellona.esteri.it\/it\/wp-json\/wp\/v2\/pages\/3189"}],"wp:attachment":[{"href":"https:\/\/consbarcellona.esteri.it\/it\/wp-json\/wp\/v2\/media?parent=3203"}],"curies":[{"name":"wp","href":"https:\/\/api.w.org\/{rel}","templated":true}]}}

<p><strong><em><u>Elettori che si trovano temporaneamente nella circoscrizione consolare di Barcellona per motivi di lavoro o di studio</u></em></strong></p>
<p>Le elezioni per il rinnovo del Parlamento europeo si svolgeranno in tutti i Paesi membri dell’Unione Europea nel periodo compreso tra giovedì 6 e domenica 9 giugno 2024. Per <strong>informazioni generali</strong>: <a href="https://www.esteri.it/it/servizi-consolari-e-visti/italiani-all-estero/votoestero/elezioniparlamentoeuropeo/">Elezione dei rappresentanti al Parlamento europeo spettanti all’Italia – Ministero degli Affari Esteri e della Cooperazione Internazionale</a></p>
<p>Gli elettori italiani che si trovano <strong>temporaneamente nel territorio della </strong><strong>circoscrizione consolare del Consolato Generale d’Italia a Barcellona </strong>(Aragón, Baleares, Cataluña, Comunidad Valenciana e Murcia)<strong> per motivi di lavoro o di studio</strong>, nonché degli elettori familiari con essi conviventi, possono votare per i membri del Parlamento UE spettanti all’Italia presso i seggi istituiti dagli Uffici consolari nella citata circoscrizione consolare.</p>
<p>Per essere ammessi al voto, è necessario presentare <strong>entro il 21 marzo 2024 una domanda</strong> che deve preferibilmente essere redatta utilizzando il modello qui disponibile (<a href="https://consbarcellona.esteri.it/wp-content/uploads/2024/02/MODELLO-TEMPORANEI_2024.pdf" target="_blank" rel="noopener">SCARICA QUI IL MODELLO DI RICHIESTA</a>).</p>
<p>La richiesta deve riportare l’indicazione specifica dei <strong>motivi</strong>, di studio o lavoro, per i quali il connazionale si trova nel territorio della circoscrizione consolare e deve essere corredata <strong>dall’attestazione</strong> <strong>del datore</strong> di lavoro/dell’istituto od ente presso cui svolge la sua attività di studio <strong>oppure da una dichiarazione sostitutiva</strong> di atto di notorietà redatta ai sensi dell’art. 47 del D.P.R. 445/2000, che contenga l’indicazione dell’attività di lavoro o studio svolta, ovvero la qualità di familiare convivente.</p>
<p>La domanda, che è indirizzata al Sindaco del Comune di iscrizione nelle liste elettorali, deve essere <strong>presentata</strong> unicamente <strong>presso</strong><strong> il Consolato Generale d’Italia a Barcellona </strong>(gli Uffici Onorari della circoscrizione non sono abilitati a riceverla) secondo una delle seguenti <strong><u>modalità</u></strong>:</p>
<ul>
<li>(<strong><u>modalità consigliata</u></strong>) inviando <strong>per posta elettronica </strong>alla casella <a href="mailto:barcellona.elettorale@esteri.it">barcellona.elettorale@esteri.it</a> i seguenti documenti (importante: dimensione massima complessiva degli allegati 10 MB):</li>
</ul>
<ol>
<li>il modulo di domanda firmato in scansione digitale;</li>
<li>certificazione con i motivi di studio e di lavoro della permanenza all’estero o dichiarazione sostitutiva di atto di notorietà</li>
<li>copia di un documento d&#8217;identità del richiedente;</li>
</ol>
<p>&nbsp;</p>
<ul>
<li>inviando <strong>per posta cartacea </strong>all&#8217;indirizzo del Consolato Generale d’Italia a Barcellona (Carrer Aribau, 185, 4a planta, 08021 Barcelona) i seguenti documenti:</li>
</ul>
<ol>
<li>il modulo di domanda firmato in scansione digitale;</li>
<li>certificazione con i motivi di studio e di lavoro della permanenza all’estero o dichiarazione sostitutiva di atto di notorietà</li>
<li>copia di un documento d&#8217;identità del richiedente;</li>
</ol>
<p>&nbsp;</p>
<ul>
<li>presentando personalmente <strong>agli sportelli</strong> del Consolato Generale d’Italia a Barcellona (Carrer Aribau, 185, 4a planta, 08021 Barcelona), esclusivamente <strong>in orario di apertura al pubblico</strong> e senza necessità di prenotare l&#8217;appuntamento, i seguenti documenti:</li>
</ul>
<ol>
<li>il modulo di domanda firmato in originale;</li>
<li>certificazione con i motivi di studio e di lavoro della permanenza all’estero o dichiarazione sostitutiva di atto di notorietà;</li>
<li>copia di un documento d&#8217;identità del richiedente;</li>
</ol>
<p>&nbsp;</p>
<p>Si ribadisce che le domande <strong><u>dovranno pervenire entro e non oltre il termine del 21 marzo 2024</u></strong>. Tale <strong>termine</strong> è tassativo e <strong>non derogabile</strong>. Si specifica che non fa fede il timbro postale per le domande trasmesse in cartaceo, ma la data di ricezione. Oltre tale data le domande NON potranno essere accolte e gli elettori temporaneamente all’estero per motivi di lavoro o studio potranno esercitare il loro diritto di voto solo in Italia (art. 3, comma 6, DL 408/1994).</p>
<p>&nbsp;</p>
<p>Si rammenta che <strong>NON rientrano</strong> in tale categoria di elettori i cittadini che sono <strong>soggetti all’obbligo di iscrizione all’AIRE</strong> (<strong>residenti</strong> <strong>all’estero per cause di durata superiore a 12 mesi</strong>, ai sensi della legge 470/1988).</p>
<p>&nbsp;</p>
<p>Gli elettori che si trovino temporaneamente per motivi di lavoro o di studio nelle Regioni di <strong>Andalucía, Asturias, Cantabria, Castilla y León, Castilla La Mancha, Ceuta, Extremadura, Galicia, La Rioja, Madrid, Melilla, Navarra, País Vasco</strong> dovranno fare riferimento <strong>all’Ambasciata d’Italia a Madrid </strong>(<a href="https://consmadrid.esteri.it/it/servizi-consolari-e-visti/servizi-per-il-cittadino-italiano/servizi-elettorali/elezioni-europee/elettori-temporanei-per-motivi-di-lavoro-e-studio/">Elettori temporanei per motivi di lavoro e studio – Cancelleria Consolare di Madrid (esteri.it)</a>).</p>
<p>Gli elettori che si trovino temporaneamente per motivi di lavoro o di studio nelle <strong>Isole Canarie</strong> dovranno fare riferimento al <strong>Vice Consolato d’Italia ad Arona</strong> (<a href="https://consarona.esteri.it/servizi-consolari-e-visti/servizi-per-il-cittadino-italiano/servizi-elettorali/elezioni-europee/elezioni-europee-2024-2/elezioni-europee-2024/">Elettori temporanei per motivi di lavoro e studio – Vice Consolato Arona (esteri.it)</a>).</p>

Elettori che si trovano temporaneamente nella circoscrizione consolare di Barcellona per motivi di lavoro o di studio Le elezioni per il rinnovo del Parlamento europeo si svolgeranno in tutti i Paesi membri dell’Unione Europea nel periodo compreso tra giovedì 6 e domenica 9 giugno 2024. Per informazioni generali: Elezione dei rappresentanti al Parlamento europeo spettanti [&hellip;]
