{"id":880,"date":"2023-05-29T11:36:18","date_gmt":"2023-05-29T09:36:18","guid":{"rendered":"https:\/\/consbarcellona.esteri.it\/?page_id=880"},"modified":"2026-03-05T10:51:47","modified_gmt":"2026-03-05T09:51:47","slug":"para-inscribirse","status":"publish","type":"page","link":"https:\/\/consbarcellona.esteri.it\/es\/chi-siamo\/contatti\/profesionales-de-referencia\/para-inscribirse\/","title":{"rendered":"Para solicitar inscripci\u00f3n"},"content":{"rendered":"<p><strong>Los profesionales que deseen ser incluidos en las listas en cuesti\u00f3n deben enviar una petici\u00f3n expresa a la Embajada <\/strong>(<a href=\"barcellona.assistenza@esteri.it\">barcellona.assistenza@esteri.it<\/a>)<strong>, acompa\u00f1ada de:<\/strong><\/p>\n<ul>\n<li>fotocopia del documento de identidad<\/li>\n<li>Curriculum Vitae<\/li>\n<li>autocertificaci\u00f3n de no haber sido condenados por delitos penales y no tener procedimientos penales en curso<\/li>\n<li>autocertificaci\u00f3n sobre la habilitaci\u00f3n legal de la profesi\u00f3n en Espa\u00f1a e inscripci\u00f3n en el correspondiente registro profesional espa\u00f1ol<\/li>\n<li>autocertificaci\u00f3n sobre el conocimiento de la lengua italiana y espa\u00f1ola<\/li>\n<\/ul>\n<p><strong>Para los abogados, adem\u00e1s de los requisitos anteriores, tambi\u00e9n se requiere:<\/strong><\/p>\n<ul>\n<li>autocertificaci\u00f3n de haber ontenido la Licenciatura en Derecho en Italia o posesi\u00f3n de una especializaci\u00f3n en derecho italiano<\/li>\n<li>inscripci\u00f3n el orden profesional desde hace tres a\u00f1os como m\u00ednimo<\/li>\n<li>n. 3 cartas de referencia de ciudadanos o de empresas italianas a las que hayan asistido en los \u00faltimos tres a\u00f1os<\/li>\n<\/ul>\n<p>Un formulario de autocertificaci\u00f3n est\u00e1 disponible haciendo <a href=\"https:\/\/consbarcellona.esteri.it\/wp-content\/uploads\/2023\/05\/modello_autocertificazione.doc\"><em>clic aqu\u00ed<\/em><\/a><\/p>\n","protected":false},"excerpt":{"rendered":"Los profesionales que deseen ser incluidos en las listas en cuesti\u00f3n deben enviar una petici\u00f3n expresa a la Embajada (barcellona.assistenza@esteri.it), acompa\u00f1ada de: fotocopia del documento de identidad Curriculum Vitae autocertificaci\u00f3n de no haber sido condenados por delitos penales y no tener procedimientos penales en curso autocertificaci\u00f3n sobre la habilitaci\u00f3n legal de la profesi\u00f3n en Espa\u00f1a [&hellip;]","protected":false},"author":6,"featured_media":0,"parent":305,"menu_order":0,"comment_status":"closed","ping_status":"closed","template":"","meta":{"footnotes":""},"class_list":["post-880","page","type-page","status-publish","hentry"],"_links":{"self":[{"href":"https:\/\/consbarcellona.esteri.it\/es\/wp-json\/wp\/v2\/pages\/880","targetHints":{"allow":["GET"]}}],"collection":[{"href":"https:\/\/consbarcellona.esteri.it\/es\/wp-json\/wp\/v2\/pages"}],"about":[{"href":"https:\/\/consbarcellona.esteri.it\/es\/wp-json\/wp\/v2\/types\/page"}],"author":[{"embeddable":true,"href":"https:\/\/consbarcellona.esteri.it\/es\/wp-json\/wp\/v2\/users\/6"}],"replies":[{"embeddable":true,"href":"https:\/\/consbarcellona.esteri.it\/es\/wp-json\/wp\/v2\/comments?post=880"}],"version-history":[{"count":3,"href":"https:\/\/consbarcellona.esteri.it\/es\/wp-json\/wp\/v2\/pages\/880\/revisions"}],"predecessor-version":[{"id":10057,"href":"https:\/\/consbarcellona.esteri.it\/es\/wp-json\/wp\/v2\/pages\/880\/revisions\/10057"}],"up":[{"embeddable":true,"href":"https:\/\/consbarcellona.esteri.it\/es\/wp-json\/wp\/v2\/pages\/305"}],"wp:attachment":[{"href":"https:\/\/consbarcellona.esteri.it\/es\/wp-json\/wp\/v2\/media?parent=880"}],"curies":[{"name":"wp","href":"https:\/\/api.w.org\/{rel}","templated":true}]}}

Para solicitar inscripción

<p><strong>Los profesionales que deseen ser incluidos en las listas en cuestión deben enviar una petición expresa a la Embajada </strong>(<a href="barcellona.assistenza@esteri.it">barcellona.assistenza@esteri.it</a>)<strong>, acompañada de:</strong></p>
<ul>
<li>fotocopia del documento de identidad</li>
<li>Curriculum Vitae</li>
<li>autocertificación de no haber sido condenados por delitos penales y no tener procedimientos penales en curso</li>
<li>autocertificación sobre la habilitación legal de la profesión en España e inscripción en el correspondiente registro profesional español</li>
<li>autocertificación sobre el conocimiento de la lengua italiana y española</li>
</ul>
<p><strong>Para los abogados, además de los requisitos anteriores, también se requiere:</strong></p>
<ul>
<li>autocertificación de haber ontenido la Licenciatura en Derecho en Italia o posesión de una especialización en derecho italiano</li>
<li>inscripción el orden profesional desde hace tres años como mínimo</li>
<li>n. 3 cartas de referencia de ciudadanos o de empresas italianas a las que hayan asistido en los últimos tres años</li>
</ul>
<p>Un formulario de autocertificación está disponible haciendo <a href="https://consbarcellona.esteri.it/wp-content/uploads/2023/05/modello_autocertificazione.doc"><em>clic aquí</em></a></p>

Los profesionales que deseen ser incluidos en las listas en cuestión deben enviar una petición expresa a la Embajada (barcellona.assistenza@esteri.it), acompañada de: fotocopia del documento de identidad Curriculum Vitae autocertificación de no haber sido condenados por delitos penales y no tener procedimientos penales en curso autocertificación sobre la habilitación legal de la profesión en España [&hellip;]
