{"id":305,"date":"2023-05-08T10:27:15","date_gmt":"2023-05-08T08:27:15","guid":{"rendered":"https:\/\/consbarcellona.esteri.it\/?page_id=305"},"modified":"2026-02-11T15:50:37","modified_gmt":"2026-02-11T14:50:37","slug":"profesionales-de-referencia","status":"publish","type":"page","link":"https:\/\/consbarcellona.esteri.it\/es\/chi-siamo\/contatti\/profesionales-de-referencia\/","title":{"rendered":"Profesionales de referencia"},"content":{"rendered":"<ul>\n<li><strong><a href=\"https:\/\/consbarcellona.esteri.it\/es\/chi-siamo\/contatti\/profesionales-de-referencia\/para-inscribirse\/\">Para inscribirse<\/a><\/strong><\/li>\n<li><a href=\"https:\/\/consbarcellona.esteri.it\/wp-content\/uploads\/2025\/03\/Elenco-dei-medici-18032025.pdf\"><strong>Lista de los<\/strong> <strong>M\u00e9dicos<\/strong> <strong>(M\u00e9dicos, Psic\u00f2logos, etc)<\/strong><\/a><\/li>\n<li><a href=\"https:\/\/consbarcellona.esteri.it\/wp-content\/uploads\/2025\/11\/professionisti_di_riferimento_12112005.pdf\"><strong>Lista de Profesionales de<\/strong><strong> Re<\/strong><strong>ferencia<\/strong><strong> (Abogados, Arquitectos, Economistas, etc)<\/strong><\/a><\/li>\n<li><strong><a href=\"https:\/\/consbarcellona.esteri.it\/wp-content\/uploads\/2024\/12\/traduttor-03-12-2024.pdf\">Lista de los traductores inscritos en el MAEC<\/a><\/strong><\/li>\n<li><strong><a href=\"https:\/\/www.exteriores.gob.es\/es\/ServiciosAlCiudadano\/Paginas\/Traductores-Interpretes-Jurados.aspx\">P\u00e1gina web del Ministerio de Asuntos Exteriores y Cooperaci\u00f3n con mayores informaciones sobre los traductores Jurados<\/a><\/strong><\/li>\n<\/ul>\n<p><strong>Medico di Fiducia<\/strong> del Consolato Generale d\u2019Italia in Barcellona<\/p>\n<p>Dott.ssa Eva POLVERINO<\/p>\n<p>A la cual se puede dirigir tambi\u00e9n para las \u00abvisite fiscali\u00bb<br \/>\ntel (+34) 722 488 557<\/p>\n<p>A continuaci\u00f3n se presentan los nombres y direcciones de algunos profesionales de referencia que ejercen en la jurisdicci\u00f3n consular del Consulado a los que el ciudadano puede acudir en caso de necesidad, por supuesto sin perjuicio de la posibilidad de contactar con otros profesionales de su confianza.<\/p>\n<p>El Consulado no se hace responsable de la calidad de los servicios prestados por dichos profesionales, de su trabajo y de los honorarios que aplican.<\/p>\n<p>Los profesionales identificados cumplen los siguientes requisitos m\u00ednimos:<\/p>\n<ol>\n<li>conocimiento de la lengua italiana y espa\u00f1ola<\/li>\n<li>habilitaci\u00f3n legal al ejercicio de la profesi\u00f3n e inscripci\u00f3n en el correspondiente registro profesional<\/li>\n<li>profundo conocimiento de la legislaci\u00f3n local e italiana en el campo espec\u00edfico de su actividad, o bien relaciones de colaboraci\u00f3n con Estudios similares en Italia.<\/li>\n<\/ol>\n","protected":false},"excerpt":{"rendered":"Para inscribirse Lista de los M\u00e9dicos (M\u00e9dicos, Psic\u00f2logos, etc) Lista de Profesionales de Referencia (Abogados, Arquitectos, Economistas, etc) Lista de los traductores inscritos en el MAEC P\u00e1gina web del Ministerio de Asuntos Exteriores y Cooperaci\u00f3n con mayores informaciones sobre los traductores Jurados Medico di Fiducia del Consolato Generale d\u2019Italia in Barcellona Dott.ssa Eva POLVERINO A [&hellip;]","protected":false},"author":6,"featured_media":0,"parent":135,"menu_order":0,"comment_status":"closed","ping_status":"closed","template":"","meta":{"footnotes":""},"class_list":["post-305","page","type-page","status-publish","hentry"],"_links":{"self":[{"href":"https:\/\/consbarcellona.esteri.it\/es\/wp-json\/wp\/v2\/pages\/305","targetHints":{"allow":["GET"]}}],"collection":[{"href":"https:\/\/consbarcellona.esteri.it\/es\/wp-json\/wp\/v2\/pages"}],"about":[{"href":"https:\/\/consbarcellona.esteri.it\/es\/wp-json\/wp\/v2\/types\/page"}],"author":[{"embeddable":true,"href":"https:\/\/consbarcellona.esteri.it\/es\/wp-json\/wp\/v2\/users\/6"}],"replies":[{"embeddable":true,"href":"https:\/\/consbarcellona.esteri.it\/es\/wp-json\/wp\/v2\/comments?post=305"}],"version-history":[{"count":7,"href":"https:\/\/consbarcellona.esteri.it\/es\/wp-json\/wp\/v2\/pages\/305\/revisions"}],"predecessor-version":[{"id":9861,"href":"https:\/\/consbarcellona.esteri.it\/es\/wp-json\/wp\/v2\/pages\/305\/revisions\/9861"}],"up":[{"embeddable":true,"href":"https:\/\/consbarcellona.esteri.it\/es\/wp-json\/wp\/v2\/pages\/135"}],"wp:attachment":[{"href":"https:\/\/consbarcellona.esteri.it\/es\/wp-json\/wp\/v2\/media?parent=305"}],"curies":[{"name":"wp","href":"https:\/\/api.w.org\/{rel}","templated":true}]}}

<ul>
<li><strong><a href="https://consbarcellona.esteri.it/es/chi-siamo/contatti/profesionales-de-referencia/para-inscribirse/">Para inscribirse</a></strong></li>
<li><a href="https://consbarcellona.esteri.it/wp-content/uploads/2025/03/Elenco-dei-medici-18032025.pdf"><strong>Lista de los</strong> <strong>Médicos</strong> <strong>(Médicos, Psicòlogos, etc)</strong></a></li>
<li><a href="https://consbarcellona.esteri.it/wp-content/uploads/2025/11/professionisti_di_riferimento_12112005.pdf"><strong>Lista de Profesionales de</strong><strong> Re</strong><strong>ferencia</strong><strong> (Abogados, Arquitectos, Economistas, etc)</strong></a></li>
<li><strong><a href="https://consbarcellona.esteri.it/wp-content/uploads/2024/12/traduttor-03-12-2024.pdf">Lista de los traductores inscritos en el MAEC</a></strong></li>
<li><strong><a href="https://www.exteriores.gob.es/es/ServiciosAlCiudadano/Paginas/Traductores-Interpretes-Jurados.aspx">Página web del Ministerio de Asuntos Exteriores y Cooperación con mayores informaciones sobre los traductores Jurados</a></strong></li>
</ul>
<p><strong>Medico di Fiducia</strong> del Consolato Generale d’Italia in Barcellona</p>
<p>Dott.ssa Eva POLVERINO</p>
<p>A la cual se puede dirigir también para las «visite fiscali»<br />
tel (+34) 722 488 557</p>
<p>A continuación se presentan los nombres y direcciones de algunos profesionales de referencia que ejercen en la jurisdicción consular del Consulado a los que el ciudadano puede acudir en caso de necesidad, por supuesto sin perjuicio de la posibilidad de contactar con otros profesionales de su confianza.</p>
<p>El Consulado no se hace responsable de la calidad de los servicios prestados por dichos profesionales, de su trabajo y de los honorarios que aplican.</p>
<p>Los profesionales identificados cumplen los siguientes requisitos mínimos:</p>
<ol>
<li>conocimiento de la lengua italiana y española</li>
<li>habilitación legal al ejercicio de la profesión e inscripción en el correspondiente registro profesional</li>
<li>profundo conocimiento de la legislación local e italiana en el campo específico de su actividad, o bien relaciones de colaboración con Estudios similares en Italia.</li>
</ol>

Para inscribirse Lista de los Médicos (Médicos, Psicòlogos, etc) Lista de Profesionales de Referencia (Abogados, Arquitectos, Economistas, etc) Lista de los traductores inscritos en el MAEC Página web del Ministerio de Asuntos Exteriores y Cooperación con mayores informaciones sobre los traductores Jurados Medico di Fiducia del Consolato Generale d’Italia in Barcellona Dott.ssa Eva POLVERINO A [&hellip;]
